 greatest common factor of 9816228 and 1944?
972
What is the greatest common divisor of 820 and 781706?
82
Calculate the highest common factor of 2396 and 677469.
599
Calculate the greatest common factor of 753025 and 420.
35
What is the highest common divisor of 2394 and 4662?
126
What is the greatest common factor of 76769 and 693?
77
What is the greatest common factor of 696 and 3074?
58
What is the highest common factor of 135 and 332505?
135
What is the highest common factor of 3071 and 31968?
37
Calculate the greatest common factor of 228207 and 105.
21
Calculate the greatest common divisor of 100 and 64040.
20
Calculate the highest common factor of 22313 and 212.
53
Calculate the highest common factor of 7260 and 140.
20
What is the highest common divisor of 474 and 21?
3
What is the highest common divisor of 5439 and 54?
3
Calculate the greatest common factor of 582516 and 902.
22
Calculate the highest common divisor of 80723 and 623.
89
Calculate the greatest common divisor of 32129 and 57.
19
Calculate the highest common factor of 2604 and 28892.
124
Calculate the greatest common divisor of 30 and 738.
6
Calculate the highest common factor of 35 and 2994320.
35
Calculate the greatest common divisor of 303788 and 4.
4
What is the highest common divisor of 55 and 46705?
5
What is the highest common factor of 1378 and 162188?
26
Calculate the greatest common factor of 153510 and 51765.
1785
Calculate the greatest common divisor of 72 and 1422.
18
Calculate the highest common divisor of 9971 and 888953.
767
Calculate the greatest common factor of 13 and 239122.
13
Calculate the highest common divisor of 15 and 354840.
15
What is the greatest common factor of 38280 and 72435?
165
What is the greatest common factor of 3045 and 11480?
35
What is the greatest common divisor of 143 and 36608?
143
Calculate the highest common divisor of 4438077 and 399.
399
What is the greatest common factor of 276 and 161184?
276
What is the highest common factor of 3186 and 27?
27
Calculate the highest common factor of 1199 and 5123.
109
What is the greatest common divisor of 305 and 1249280?
305
Calculate the highest common factor of 30738 and 846.
282
What is the highest common factor of 1379 and 125883?
197
What is the highest common factor of 209 and 34067?
209
What is the highest common factor of 35 and 1595258?
7
What is the greatest common factor of 946 and 1293182?
946
What is the greatest common factor of 794 and 7620018?
794
Calculate the highest common divisor of 374 and 674696.
374
What is the greatest common divisor of 5944232 and 28?
28
What is the greatest common factor of 1444878 and 9910?
1982
Calculate the greatest common divisor of 9347 and 168965.
719
What is the highest common factor of 649 and 17818?
59
What is the greatest common factor of 3 and 5857?
1
Calculate the highest common divisor of 91 and 187395.
13
Calculate the highest common divisor of 39093 and 12246.
471
Calculate the highest common factor of 1045 and 1520.
95
What is the highest common factor of 6962 and 11918?
118
Calculate the greatest common divisor of 2592 and 64584.
216
Calculate the greatest common factor of 344 and 258.
86
What is the greatest common factor of 223 and 39694?
223
What is the highest common factor of 85560 and 3795?
345
Calculate the greatest common factor of 3563 and 9.
1
What is the highest common factor of 7601 and 11?
11
What is the highest common factor of 12882 and 75936?
678
What is the greatest common factor of 128 and 171888?
16
What is the greatest common factor of 3333 and 649?
11
Calculate the greatest common factor of 578421 and 459.
27
What is the greatest common divisor of 17652 and 84?
12
Calculate the highest common factor of 8394 and 1492733.
1399
Calculate the highest common divisor of 76 and 161899.
19
Calculate the highest common factor of 196552 and 1866.
622
Calculate the greatest common divisor of 16821 and 4347.
189
Calculate the highest common factor of 72659 and 10288.
643
What is the highest common divisor of 251415 and 666?
333
What is the greatest common divisor of 518 and 56?
14
What is the highest common divisor of 28350 and 2450?
350
Calculate the greatest common divisor of 671 and 4209.
61
Calculate the highest common factor of 30 and 5908670.
10
What is the greatest common factor of 1285384 and 33945?
2263
What is the greatest common factor of 20043 and 765?
153
Calculate the greatest common factor of 6006 and 122538.
78
Calculate the highest common divisor of 127 and 93091.
127
What is the highest common factor of 2 and 2023506?
2
What is the greatest common divisor of 16 and 1060984?
8
What is the highest common factor of 1157 and 399877?
89
What is the greatest common factor of 459375 and 4410?
735
Calculate the greatest common divisor of 113156 and 8.
4
Calculate the greatest common divisor of 91 and 494312.
91
Calculate the highest common divisor of 3317215 and 55.
55
What is the greatest common factor of 94255 and 35?
35
What is the highest common factor of 466 and 2085350?
466
What is the highest common divisor of 51781 and 636?
53
Calculate the greatest common divisor of 646740 and 108.
36
Calculate the highest common divisor of 357750 and 1750.
250
What is the greatest common divisor of 5840 and 9855?
365
Calculate the highest common divisor of 3497 and 1963.
13
What is the highest common factor of 7939680 and 384?
96
What is the greatest common factor of 2160 and 82260?
180
Calculate the greatest common factor of 13696 and 52216.
856
What is the greatest common divisor of 6090 and 5460?
210
What is the greatest common factor of 121 and 852973?
11
What is the greatest common divisor of 747 and 909?
9
What is the greatest common factor of 668 and 1405639?
167
Calculate the greatest common factor of 178 and 50018.
178
Calculate the greatest common factor of 92133 and 29.
29
Calculate the highest common divisor of 15538 and 50270.
914
Calculate the highest common factor of 21950 and 4025.
25
Calculate the greatest common factor of 217035 and 9828.
819
What is the highest common divisor of 41 and 5713473?
41
Calculate the highest common divisor of 450 and 25100.
50
Calculate the highest common factor of 759331 and 53.
53
Calculate the greatest common divisor of 37125 and 22.
11
Calculate the greatest common factor of 36579 and 38634.
411
What is the greatest common factor of 41844 and 60?
12
Calculate the highest common factor of 258 and 112832.
86
Calculate the greatest common factor of 29133 and 26.
13
What is the greatest common factor of 869315 and 1905?
635
Calculate the highest common factor of 441 and 873.
9
What is the highest common factor of 214824 and 816?
24
What is the greatest common factor of 1 and 316272?
1
What is the greatest common divisor of 325 and 7852?
13
What is the greatest common factor of 1184904 and 252?
252
What is the greatest common factor of 148 and 92832?
4
Calculate the highest common divisor of 87783 and 2697.
87
Calculate the highest common factor of 1214005 and 76.
19
What is the highest common divisor of 61429 and 611?
47
What is the greatest common factor of 147 and 18277?
49
Calculate the highest common factor of 447 and 495723.
447
Calculate the highest common divisor of 11 and 184393.
11
Calculate the greatest common factor of 5170 and 5875.
235
Calculate the greatest common divisor of 2714 and 47794.
46
What is the greatest common factor of 981 and 3123?
9
What is the highest common factor of 478 and 118?
2
Calculate the greatest common divisor of 506 and 23.
23
Calculate the highest common factor of 11387 and 1930.
193
Calculate the highest common divisor of 9 and 82827.
9
Calculate the highest common divisor of 152401 and 2313.
257
What is the highest common divisor of 162401 and 32062?
697
Calculate the greatest common divisor of 270622 and 88.
22
Calculate the greatest common factor of 185544 and 384.
24
What is the greatest common divisor of 82 and 26281?
41
Calculate the greatest common factor of 18383 and 239572.
593
Calculate the greatest common factor of 56 and 278747.
7
Calculate the highest common factor of 4 and 21574.
2
Calculate the greatest common factor of 11050 and 30.
10
What is the highest common factor of 41899 and 117?
13
What is the highes